{"id":34,"date":"2017-08-01T12:13:17","date_gmt":"2017-08-01T12:13:17","guid":{"rendered":"https:\/\/websitedemos.net\/law-free\/?page_id=11"},"modified":"2024-07-17T13:15:10","modified_gmt":"2024-07-17T16:15:10","slug":"links-uteis","status":"publish","type":"page","link":"https:\/\/www.marcalmouraocont.com.br\/index.php\/links-uteis\/","title":{"rendered":"Links \u00fateis"},"content":{"rendered":"\t\t<div data-elementor-type=\"wp-page\" data-elementor-id=\"34\" class=\"elementor elementor-34 elementor-bc-flex-widget\" data-elementor-post-type=\"page\">\n\t\t\t\t\t\t<section class=\"elementor-section elementor-top-section elementor-element elementor-element-726a5b7a elementor-section-boxed elementor-section-height-default elementor-section-height-default\" data-id=\"726a5b7a\" data-element_type=\"section\" data-settings=\"{&quot;background_background&quot;:&quot;classic&quot;}\">\n\t\t\t\t\t\t\t<div class=\"elementor-background-overlay\"><\/div>\n\t\t\t\t\t\t\t<div class=\"elementor-container elementor-column-gap-default\">\n\t\t\t\t\t<div class=\"elementor-column elementor-col-100 elementor-top-column elementor-element elementor-element-3446c092\" data-id=\"3446c092\" data-element_type=\"column\">\n\t\t\t<div class=\"elementor-widget-wrap elementor-element-populated\">\n\t\t\t\t\t\t<div class=\"elementor-element elementor-element-49ba8a19 elementor-widget elementor-widget-spacer\" data-id=\"49ba8a19\" data-element_type=\"widget\" data-widget_type=\"spacer.default\">\n\t\t\t\t<div class=\"elementor-widget-container\">\n\t\t\t\t\t<div class=\"elementor-spacer\">\n\t\t\t<div class=\"elementor-spacer-inner\"><\/div>\n\t\t<\/div>\n\t\t\t\t<\/div>\n\t\t\t\t<\/div>\n\t\t\t\t<div class=\"elementor-element elementor-element-6b6ea341 elementor-widget elementor-widget-heading\" data-id=\"6b6ea341\" data-element_type=\"widget\" data-widget_type=\"heading.default\">\n\t\t\t\t<div class=\"elementor-widget-container\">\n\t\t\t<h2 class=\"elementor-heading-title elementor-size-default\">Links \u00fateis<\/h2>\t\t<\/div>\n\t\t\t\t<\/div>\n\t\t\t\t<div class=\"elementor-element elementor-element-6f5fd09 elementor-widget elementor-widget-spacer\" data-id=\"6f5fd09\" data-element_type=\"widget\" data-widget_type=\"spacer.default\">\n\t\t\t\t<div class=\"elementor-widget-container\">\n\t\t\t\t\t<div class=\"elementor-spacer\">\n\t\t\t<div class=\"elementor-spacer-inner\"><\/div>\n\t\t<\/div>\n\t\t\t\t<\/div>\n\t\t\t\t<\/div>\n\t\t\t\t\t<\/div>\n\t\t<\/div>\n\t\t\t\t\t<\/div>\n\t\t<\/section>\n\t\t\t\t<section class=\"elementor-section elementor-top-section elementor-element elementor-element-3ef9ec5e elementor-section-boxed elementor-section-height-default elementor-section-height-default\" data-id=\"3ef9ec5e\" data-element_type=\"section\">\n\t\t\t\t\t\t<div class=\"elementor-container elementor-column-gap-default\">\n\t\t\t\t\t<div class=\"elementor-column elementor-col-50 elementor-top-column elementor-element elementor-element-48600240\" data-id=\"48600240\" data-element_type=\"column\">\n\t\t\t<div class=\"elementor-widget-wrap elementor-element-populated\">\n\t\t\t\t\t\t<div class=\"elementor-element elementor-element-3ca5350 elementor-widget elementor-widget-spacer\" data-id=\"3ca5350\" data-element_type=\"widget\" data-widget_type=\"spacer.default\">\n\t\t\t\t<div class=\"elementor-widget-container\">\n\t\t\t\t\t<div class=\"elementor-spacer\">\n\t\t\t<div class=\"elementor-spacer-inner\"><\/div>\n\t\t<\/div>\n\t\t\t\t<\/div>\n\t\t\t\t<\/div>\n\t\t\t\t<div class=\"elementor-element elementor-element-3bb87d5 elementor-widget elementor-widget-text-editor\" data-id=\"3bb87d5\" data-element_type=\"widget\" data-widget_type=\"text-editor.default\">\n\t\t\t\t<div class=\"elementor-widget-container\">\n\t\t\t\t\t\t\t<p style=\"box-sizing: border-box; margin: 0px 0px 1.5em; border: 0px; font-family: 'PT sans', sans-serif; font-size: 15px; font-style: normal; font-weight: 400; outline: 0px; padding: 0px; vertical-align: baseline; color: #888888; font-variant-ligatures: normal; font-variant-caps: normal; letter-spacing: normal; orphans: 2; text-align: center; text-indent: 0px; text-transform: none; white-space: normal; widows: 2; word-spacing: 0px; -webkit-text-stroke-width: 0px; background-color: #ffffff;\"><span style=\"color: #ff0000;\">Aqui voc\u00ea encontra links \u00fateis para sites de institui\u00e7\u00f5es e servi\u00e7os relacionadas ao setor cont\u00e1bil e para atividades administrativas do dia-a-dia empresarial.<\/span><\/p>\t\t\t\t\t\t<\/div>\n\t\t\t\t<\/div>\n\t\t\t\t<div class=\"elementor-element elementor-element-61c64bfb elementor-widget elementor-widget-accordion\" data-id=\"61c64bfb\" data-element_type=\"widget\" data-widget_type=\"accordion.default\">\n\t\t\t\t<div class=\"elementor-widget-container\">\n\t\t\t\t\t<div class=\"elementor-accordion\">\n\t\t\t\t\t\t\t<div class=\"elementor-accordion-item\">\n\t\t\t\t\t<div id=\"elementor-tab-title-1641\" class=\"elementor-tab-title\" data-tab=\"1\" role=\"button\" aria-controls=\"elementor-tab-content-1641\" aria-expanded=\"false\">\n\t\t\t\t\t\t\t\t\t\t\t\t\t<span class=\"elementor-accordion-icon elementor-accordion-icon-left\" aria-hidden=\"true\">\n\t\t\t\t\t\t\t\t\t\t\t\t\t\t\t<i class=\"elementor-accordion-icon-closed fa fa-plus\"><\/i>\n\t\t\t\t\t\t\t\t<i class=\"elementor-accordion-icon-opened fa fa-minus\"><\/i>\n\t\t\t\t\t\t\t\t\t\t\t\t\t\t<\/span>\n\t\t\t\t\t\t\t\t\t\t\t\t<a class=\"elementor-accordion-title\" tabindex=\"0\">Receita Federal , Caixa Econ\u00f4mica Federal entre outros.<\/a>\n\t\t\t\t\t<\/div>\n\t\t\t\t\t<div id=\"elementor-tab-content-1641\" class=\"elementor-tab-content elementor-clearfix\" data-tab=\"1\" role=\"region\" aria-labelledby=\"elementor-tab-title-1641\"><ul><li><strong><a href=\"http:\/\/www.receita.fazenda.gov.br\/\" target=\"_blank\" rel=\"noopener\">Receita Federal<\/a><\/strong><\/li><li><strong><a href=\"http:\/\/www.caixa.gov.br\/\" target=\"_blank\" rel=\"noopener\">Caixa Econ\u00f4mica Federal<\/a><\/strong><\/li><li><strong><a href=\"http:\/\/www.fazenda.df.gov.br\/\">Secretaria de Estado de Fazenda do Distrito Federal<\/a><\/strong><\/li><li><a href=\"https:\/\/granulito.mte.gov.br\/portalcaged\/paginas\/home\/home.xhtml\"><strong>Portal CAGED<\/strong><\/a><\/li><li><strong><a href=\"http:\/\/www.nfe.fazenda.gov.br\/portal\/listaSubMenu.aspx?Id=\/fwLvLUSmU8\">Portal Nota Fiscal Eletr\u00f4nica<\/a><\/strong><\/li><li><strong><a href=\"http:\/\/portal.mte.gov.br\/portal-mte\/\">Minist\u00e9rio do Trabalho e Emprego<\/a><\/strong><\/li><li><a href=\"http:\/\/www.mpas.gov.br\/\"><strong>Minist\u00e9rio da Previd\u00eancia Social<\/strong><\/a><\/li><li><strong><a href=\"http:\/\/www.rais.gov.br\/\">RAIS<\/a><\/strong><\/li><li><strong><a href=\"http:\/\/www.cfc.org.br\/conteudo.aspx?codMenu=6\">Conselho Federal de Contabilidade<\/a><\/strong><\/li><li><strong><a href=\"http:\/\/www.crcdf.org.br\/crcdf\/\">Conselho Regional de Contabilidade<\/a><\/strong><\/li><li><a href=\"https:\/\/www.tesouro.fazenda.gov.br\/\"><strong>Tesouro Nacional<\/strong><\/a><\/li><li><strong><a href=\"https:\/\/www.tesouro.fazenda.gov.br\/pt\/responsabilidade-fiscal\/contabilidade-publica\/manuais-de-contabilidade-publica\">Manual de contabilidade aplicado ao setor p\u00fablico<\/a><\/strong><\/li><li><strong><a href=\"http:\/\/www.jcdf.desenvolvimento.gov.br\/\">Junta Comercial<\/a><\/strong><\/li><li><a href=\"http:\/\/publica.agencianet.fazenda.df.gov.br\/publica\/LoginImprimirDIF.ASP\"><strong>Ag\u00eancia net<\/strong><\/a><\/li><li><a href=\"http:\/\/www.brasilia.df.gov.br\/\"><strong>Administra\u00e7\u00e3o Regional de Bras\u00edlia<\/strong><\/a><\/li><\/ul><\/div>\n\t\t\t\t<\/div>\n\t\t\t\t\t\t\t<div class=\"elementor-accordion-item\">\n\t\t\t\t\t<div id=\"elementor-tab-title-1642\" class=\"elementor-tab-title\" data-tab=\"2\" role=\"button\" aria-controls=\"elementor-tab-content-1642\" aria-expanded=\"false\">\n\t\t\t\t\t\t\t\t\t\t\t\t\t<span class=\"elementor-accordion-icon elementor-accordion-icon-left\" aria-hidden=\"true\">\n\t\t\t\t\t\t\t\t\t\t\t\t\t\t\t<i class=\"elementor-accordion-icon-closed fa fa-plus\"><\/i>\n\t\t\t\t\t\t\t\t<i class=\"elementor-accordion-icon-opened fa fa-minus\"><\/i>\n\t\t\t\t\t\t\t\t\t\t\t\t\t\t<\/span>\n\t\t\t\t\t\t\t\t\t\t\t\t<a class=\"elementor-accordion-title\" tabindex=\"0\">Certid\u00f5es Negativas<\/a>\n\t\t\t\t\t<\/div>\n\t\t\t\t\t<div id=\"elementor-tab-content-1642\" class=\"elementor-tab-content elementor-clearfix\" data-tab=\"2\" role=\"region\" aria-labelledby=\"elementor-tab-title-1642\"><ul><li><strong>Receita Federal<\/strong><ul><li><a href=\"http:\/\/www.receita.fazenda.gov.br\/Aplicacoes\/ATSPO\/Certidao\/CndConjuntaInter\/InformaNICertidao.asp?Tipo=1\"><strong>Pessoa F\u00edsica e Pessoa Jur\u00eddica<\/strong><\/a><\/li><li><a href=\"http:\/\/www.receita.fazenda.gov.br\/grupo2\/certidoessrf.htm\"><strong>D\u00edvida Ativa<\/strong><\/a><\/li><\/ul><\/li><\/ul><ul><li><a href=\"http:\/\/www.trf1.jus.br\/servicos\/certidao\/\"><strong>Tribunal Federal Primeira Regi\u00e3o<\/strong><\/a><\/li><li><a href=\"http:\/\/www.tst.jus.br\/certidao\"><strong>Tribunal Superior do Trabalho<\/strong><\/a><\/li><li><strong><a href=\"https:\/\/www.sifge.caixa.gov.br\/Cidadao\/Crf\/FgeCfSCriteriosPesquisa.asp\">Caixa Econ\u00f4mica<\/a><\/strong><\/li><li><strong><a href=\"http:\/\/www.receita.fazenda.gov.br\/previdencia\/CND\/defaultpj.htm\">Previd\u00eancia Social<\/a><\/strong><\/li><li><a href=\"https:\/\/www.sifge.caixa.gov.br\/Cidadao\/Crf\/FgeCfSCriteriosPesquisa.asp\"><strong>FGTS<\/strong><\/a><\/li><li><strong><a href=\"http:\/\/www010.dataprev.gov.br\/cws\/contexto\/cnd\/cnd.html\">Certid\u00e3o Negativa de D\u00e9bitos<\/a><\/strong><\/li><\/ul><p>\u00a0<\/p><\/div>\n\t\t\t\t<\/div>\n\t\t\t\t\t\t\t\t<\/div>\n\t\t\t\t<\/div>\n\t\t\t\t<\/div>\n\t\t\t\t<div class=\"elementor-element elementor-element-7a6b6d7c elementor-widget elementor-widget-spacer\" data-id=\"7a6b6d7c\" data-element_type=\"widget\" data-widget_type=\"spacer.default\">\n\t\t\t\t<div class=\"elementor-widget-container\">\n\t\t\t\t\t<div class=\"elementor-spacer\">\n\t\t\t<div class=\"elementor-spacer-inner\"><\/div>\n\t\t<\/div>\n\t\t\t\t<\/div>\n\t\t\t\t<\/div>\n\t\t\t\t\t<\/div>\n\t\t<\/div>\n\t\t\t\t<div class=\"elementor-column elementor-col-50 elementor-top-column elementor-element elementor-element-16fa9ce8\" data-id=\"16fa9ce8\" data-element_type=\"column\">\n\t\t\t<div class=\"elementor-widget-wrap elementor-element-populated\">\n\t\t\t\t\t\t<div class=\"elementor-element elementor-element-380d7b33 elementor-widget elementor-widget-spacer\" data-id=\"380d7b33\" data-element_type=\"widget\" data-widget_type=\"spacer.default\">\n\t\t\t\t<div class=\"elementor-widget-container\">\n\t\t\t\t\t<div class=\"elementor-spacer\">\n\t\t\t<div class=\"elementor-spacer-inner\"><\/div>\n\t\t<\/div>\n\t\t\t\t<\/div>\n\t\t\t\t<\/div>\n\t\t\t\t<div class=\"elementor-element elementor-element-26092130 elementor-widget elementor-widget-spacer\" data-id=\"26092130\" data-element_type=\"widget\" data-widget_type=\"spacer.default\">\n\t\t\t\t<div class=\"elementor-widget-container\">\n\t\t\t\t\t<div class=\"elementor-spacer\">\n\t\t\t<div class=\"elementor-spacer-inner\"><\/div>\n\t\t<\/div>\n\t\t\t\t<\/div>\n\t\t\t\t<\/div>\n\t\t\t\t\t<\/div>\n\t\t<\/div>\n\t\t\t\t\t<\/div>\n\t\t<\/section>\n\t\t\t\t<section class=\"elementor-section elementor-top-section elementor-element elementor-element-a336d06 elementor-section-content-middle elementor-section-boxed elementor-section-height-default elementor-section-height-default\" data-id=\"a336d06\" data-element_type=\"section\" data-settings=\"{&quot;background_background&quot;:&quot;classic&quot;}\">\n\t\t\t\t\t\t<div class=\"elementor-container elementor-column-gap-default\">\n\t\t\t\t\t<div class=\"elementor-column elementor-col-25 elementor-top-column elementor-element elementor-element-29bd5404\" data-id=\"29bd5404\" data-element_type=\"column\" data-settings=\"{&quot;background_background&quot;:&quot;classic&quot;}\">\n\t\t\t<div class=\"elementor-widget-wrap elementor-element-populated\">\n\t\t\t\t\t\t<div class=\"elementor-element elementor-element-5fd3bf21 elementor-widget elementor-widget-spacer\" data-id=\"5fd3bf21\" data-element_type=\"widget\" data-widget_type=\"spacer.default\">\n\t\t\t\t<div class=\"elementor-widget-container\">\n\t\t\t\t\t<div class=\"elementor-spacer\">\n\t\t\t<div class=\"elementor-spacer-inner\"><\/div>\n\t\t<\/div>\n\t\t\t\t<\/div>\n\t\t\t\t<\/div>\n\t\t\t\t<div class=\"elementor-element elementor-element-527552f elementor-widget elementor-widget-spacer\" data-id=\"527552f\" data-element_type=\"widget\" data-widget_type=\"spacer.default\">\n\t\t\t\t<div class=\"elementor-widget-container\">\n\t\t\t\t\t<div class=\"elementor-spacer\">\n\t\t\t<div class=\"elementor-spacer-inner\"><\/div>\n\t\t<\/div>\n\t\t\t\t<\/div>\n\t\t\t\t<\/div>\n\t\t\t\t\t<\/div>\n\t\t<\/div>\n\t\t\t\t<div class=\"elementor-column elementor-col-25 elementor-top-column elementor-element elementor-element-2a674717\" data-id=\"2a674717\" data-element_type=\"column\" data-settings=\"{&quot;background_background&quot;:&quot;classic&quot;}\">\n\t\t\t<div class=\"elementor-widget-wrap\">\n\t\t\t\t\t\t\t<\/div>\n\t\t<\/div>\n\t\t\t\t<div class=\"elementor-column elementor-col-25 elementor-top-column elementor-element elementor-element-1277a79c\" data-id=\"1277a79c\" data-element_type=\"column\" data-settings=\"{&quot;background_background&quot;:&quot;classic&quot;}\">\n\t\t\t<div class=\"elementor-widget-wrap\">\n\t\t\t\t\t\t\t<\/div>\n\t\t<\/div>\n\t\t\t\t<div class=\"elementor-column elementor-col-25 elementor-top-column elementor-element elementor-element-1ed0119f\" data-id=\"1ed0119f\" data-element_type=\"column\" data-settings=\"{&quot;background_background&quot;:&quot;classic&quot;}\">\n\t\t\t<div class=\"elementor-widget-wrap\">\n\t\t\t\t\t\t\t<\/div>\n\t\t<\/div>\n\t\t\t\t\t<\/div>\n\t\t<\/section>\n\t\t\t\t<\/div>\n\t\t","protected":false},"excerpt":{"rendered":"<p>Links \u00fateis Aqui voc\u00ea encontra links \u00fateis para sites de institui\u00e7\u00f5es e servi\u00e7os relacionadas ao setor cont\u00e1bil e para atividades administrativas do dia-a-dia empresarial. Receita Federal , Caixa Econ\u00f4mica Federal entre outros. Receita Federal Caixa Econ\u00f4mica Federal Secretaria de Estado de Fazenda do Distrito Federal Portal CAGED Portal Nota Fiscal Eletr\u00f4nica Minist\u00e9rio do Trabalho e [&hellip;]<\/p>\n","protected":false},"author":1,"featured_media":0,"parent":0,"menu_order":0,"comment_status":"closed","ping_status":"closed","template":"","meta":{"site-sidebar-layout":"no-sidebar","site-content-layout":"page-builder","ast-site-content-layout":"","site-content-style":"default","site-sidebar-style":"default","ast-global-header-display":"","ast-banner-title-visibility":"","ast-main-header-display":"","ast-hfb-above-header-display":"","ast-hfb-below-header-display":"","ast-hfb-mobile-header-display":"","site-post-title":"disabled","ast-breadcrumbs-content":"","ast-featured-img":"","footer-sml-layout":"","theme-transparent-header-meta":"","adv-header-id-meta":"","stick-header-meta":"","header-above-stick-meta":"","header-main-stick-meta":"","header-below-stick-meta":"","astra-migrate-meta-layouts":"default","ast-page-background-enabled":"default","ast-page-background-meta":{"desktop":{"background-color":"var(--ast-global-color-4)","background-image":"","background-repeat":"repeat","background-position":"center center","background-size":"auto","background-attachment":"scroll","background-type":"","background-media":"","overlay-type":"","overlay-color":"","overlay-opacity":"","overlay-gradient":""},"tablet":{"background-color":"","background-image":"","background-repeat":"repeat","background-position":"center center","background-size":"auto","background-attachment":"scroll","background-type":"","background-media":"","overlay-type":"","overlay-color":"","overlay-opacity":"","overlay-gradient":""},"mobile":{"background-color":"","background-image":"","background-repeat":"repeat","background-position":"center center","background-size":"auto","background-attachment":"scroll","background-type":"","background-media":"","overlay-type":"","overlay-color":"","overlay-opacity":"","overlay-gradient":""}},"ast-content-background-meta":{"desktop":{"background-color":"var(--ast-global-color-5)","background-image":"","background-repeat":"repeat","background-position":"center center","background-size":"auto","background-attachment":"scroll","background-type":"","background-media":"","overlay-type":"","overlay-color":"","overlay-opacity":"","overlay-gradient":""},"tablet":{"background-color":"var(--ast-global-color-5)","background-image":"","background-repeat":"repeat","background-position":"center center","background-size":"auto","background-attachment":"scroll","background-type":"","background-media":"","overlay-type":"","overlay-color":"","overlay-opacity":"","overlay-gradient":""},"mobile":{"background-color":"var(--ast-global-color-5)","background-image":"","background-repeat":"repeat","background-position":"center center","background-size":"auto","background-attachment":"scroll","background-type":"","background-media":"","overlay-type":"","overlay-color":"","overlay-opacity":"","overlay-gradient":""}},"footnotes":""},"class_list":["post-34","page","type-page","status-publish","hentry"],"_links":{"self":[{"href":"https:\/\/www.marcalmouraocont.com.br\/index.php\/wp-json\/wp\/v2\/pages\/34"}],"collection":[{"href":"https:\/\/www.marcalmouraocont.com.br\/index.php\/wp-json\/wp\/v2\/pages"}],"about":[{"href":"https:\/\/www.marcalmouraocont.com.br\/index.php\/wp-json\/wp\/v2\/types\/page"}],"author":[{"embeddable":true,"href":"https:\/\/www.marcalmouraocont.com.br\/index.php\/wp-json\/wp\/v2\/users\/1"}],"replies":[{"embeddable":true,"href":"https:\/\/www.marcalmouraocont.com.br\/index.php\/wp-json\/wp\/v2\/comments?post=34"}],"version-history":[{"count":5,"href":"https:\/\/www.marcalmouraocont.com.br\/index.php\/wp-json\/wp\/v2\/pages\/34\/revisions"}],"predecessor-version":[{"id":711,"href":"https:\/\/www.marcalmouraocont.com.br\/index.php\/wp-json\/wp\/v2\/pages\/34\/revisions\/711"}],"wp:attachment":[{"href":"https:\/\/www.marcalmouraocont.com.br\/index.php\/wp-json\/wp\/v2\/media?parent=34"}],"curies":[{"name":"wp","href":"https:\/\/api.w.org\/{rel}","templated":true}]}}